 the tens digit of k?
2
Let p(y) = 26*y**2 - y - 22. Let b be p(-9). Suppose -7*n - b = -20*n. What is the units digit of n?
1
Let p be (-33 + -13)/(1/176). What is the tens digit of p/(-154) + (-6)/(-14)?
5
Let c(b) be the first derivative of 17*b**3/3 + b**2/2 + 3*b + 11. What is the units digit of c(2)?
3
Suppose -i - 4*y + 37 = 0, 3 + 5 = 2*y. Suppose 0 = -2*c - 0*c - c. Suppose k + c - i = 0. What is the units digit of k?
1
Let v(f) = 5*f**3 - 18*f**2 + 12*f + 2. Let m(q) = -9*q**3 + 35*q**2 - 25*q - 3. Let o(l) = 4*m(l) + 7*v(l). What is the tens digit of o(12)?
9
Suppose 607 = 24*m - 329. What is the tens digit of m?
3
Let p(d) = 9*d + 9. Let w be p(8). Let u = -9 - w. What is the units digit of (2/(-6))/(15/u)?
2
Suppose f - 20 = -5*q - f, 4 = q - 3*f. Suppose q*b = b + 207. What is the tens digit of b?
6
Let t(w) = -52*w + 3. Let u(z) = -2*z + 11. Let m be u(6). What is the units digit of t(m)?
5
Let b = 15 + -12. Let f be b - 0 - (-30 + -10). Suppose 3*u - 75 = -5*g + f, -5*u + 180 = 5*g. What is the units digit of u?
1
What is the hundreds digit of (-46 + 14)/(-2 - (-136)/70)?
5
Let r(i) = -72*i - 995. What is the units digit of r(-34)?
3
Let l(i) = 11*i + 92. Let p be l(-7). Let z be 1 - (-1 + -1 + -2). Suppose -z*o = 3*j + j - 93, o - p = -2*j. What is the units digit of o?
1
Let g(q) = -q**3 - q + 12. Let d be g(0). What is the units digit of (8/12)/(d/882)?
9
Suppose 0 = -12*x + 43401 - 873. What is the tens digit of x?
4
Let s(g) = -g**3 - 5*g**2 + 3*g + 7. Let r be s(-5). Let n(x) = x**3 + x**2 + 53. Let q be n(0). Let t = q + r. What is the tens digit of t?
4
Suppose 5*j - 3*o = -0*j + 21105, 0 = 3*j + 4*o - 12634. What is the hundreds digit of j?
2
Suppose -149 = 3*t + 2*z - 6*z, 5*t - z + 254 = 0. Let s = -23 - t. What is the units digit of s?
8
Let o be (-4)/(-12) + 24/9. Let l be (-2)/o + 38/(-6). What is the tens digit of (l + -4)*1/(-1)?
1
Let g(d) = 15*d + 7. Let t be g(-5). Let l = 140 + t. What is the units digit of l?
2
Let a(b) = 7*b + 25. Let s be a(16). Suppose 0 = -6*v + s + 529. What is the tens digit of v?
1
Let z = 45 - 31. What is the units digit of (-1*1)/(z/(-1498))?
7
What is the tens digit of (8/5)/((-12)/(-450))?
6
Let u = 444 + 6. What is the units digit of u?
0
Let g = 39 - 5. What is the units digit of ((-8)/6 - -2)/(g/867)?
7
Suppose -5*w - 2 = -4*b, -10*w = -8*w + 4. What is the hundreds digit of b/8 + 0 - (-2091)/12?
1
Suppose -5*m + 7*m - 2 = 0. Let z(j) = 60*j**3 + j**2 - j. Let c be z(m). Suppose 4*t - c = 2*t. What is the tens digit of t?
3
Let d = 86 + -92. Let l(n) be the first derivative of n**2/2 + 14*n - 1. What is the units digit of l(d)?
8
Suppose 7*q - 423 = 6*q - 2*h, -2*h - 1722 = -4*q. What is the units digit of q?
9
Let o = 2 + -2. Let i(a) = 8*a - 7*a + 33 - 10. What is the tens digit of i(o)?
2
Let j be (-4)/(-6)*((4 - 2) + 466). Let v = 451 - j. What is the tens digit of v?
3
Let c(p) = 22*p**2 - 28*p - 100. What is the hundreds digit of c(13)?
2
Let l = 23 - -1. Let m = l + -44. What is the units digit of m/8*-18 + -1?
4
Suppose -a + 4*m = 10, -8 + 3 = 2*a - 5*m. Let w be a/(-80) + 265/8. What is the units digit of 319/w - 4/6?
9
Suppose -23*q + 14746 = -18558. What is the thousands digit of q?
1
Let y be ((-16)/(-14) - -1) + (-24)/168. Suppose y*f + 5*u = -0*f + 604, -5*f + 1510 = -u. What is the tens digit of f?
0
Let w = -31 + 29. What is the units digit of w/7 + (-2984)/(-56)?
3
Let g(d) = -6*d + 26. Let j(l) = 6*l - 26. Let k(t) = 4*g(t) + 5*j(t). What is the units digit of k(18)?
2
Let m be (-3 - 0)*1 + 9. What is the tens digit of (3/m)/((-1)/(-46))?
2
Suppose -4*r = -2*j + 32, -2*r = j + 2*j - 32. What is the tens digit of (j/(-3) - -3)*-36?
3
Suppose -6 = -130*f + 128*f, 5*r - f = 12892. What is the units digit of r?
9
Let v(y) = -y**2 + 9*y - 15. Let f be v(6). Let h(p) = -3 + 3 + 1 + 8*p. What is the units digit of h(f)?
5
Suppose 114*c - 111*c - 1072 = r, 4*c - 3*r - 1436 = 0. What is the tens digit of c?
5
Suppose j = -3*a + 1114, 4*j - 121*a - 4520 = -117*a. What is the units digit of j?
6
What is the thousands digit of 5/(60/36) + (2 - -2232)?
2
What is the tens digit of -2*(-369)/(-27)*(-15)/2?
0
Suppose 0 = 7*i - 1374 - 117. Suppose -6*t + 183 + i = 0. Suppose z = -4*r + t, -163 = z - 4*z - 5*r. What is the units digit of z?
6
Let r(i) = -i**2 - 24*i - 41. Let b be r(-22). Suppose b*g - 105 - 108 = 0. What is the tens digit of g?
7
Suppose 0 = 5*u + 3*y + 47, 0 = -u - 0*u + 4*y + 9. Let n be 77/u - -1*3. What is the units digit of 0 - n/(3 + -1)?
4
Let z(g) = -g**3 - 7*g**2 + 9*g - 20. Let k be z(-10). Suppose -5*n = -k - 570. What is the tens digit of n?
5
Let t(p) = -117*p - 101. What is the tens digit of t(-18)?
0
Suppose -99 = 5*c - 4*j + j, 4*c + 75 = j. Let q = c - -26. What is the units digit of q?
8
Let i(k) = k**3 + 9*k**2 + 11*k + 15. Let g be i(-8). What is the units digit of g*(0 + (-52)/12)?
9
Suppose -4 = o, -2*b + 0*o + 16 = -3*o. Suppose 4*u - 100 = -b*v, -3*v - 6 - 60 = -2*u. What is the tens digit of u?
2
Let h be 1/2*-2 - (-54)/9. Suppose 4*j = -8*i + 5*i + 135, -4*j - 225 = -h*i. What is the tens digit of i?
4
Suppose d - 3*d = 10*d. Suppose d = 3*c - 6*m + 4*m - 595, -5*c + 975 = 5*m. What is the units digit of c?
7
Suppose 3*d - 2*b - 27 = -2*d, -2*d + 5*b = 6. Suppose -3*j + 68 = -2*g, -2*g - 5*j = 18 + 18. What is the units digit of 166/d - 8/g?
4
Let d be -15*(-7)/((-42)/4). Let w be (-54)/(-10) - (-4)/d. Suppose 3*x + w*v = 5, 0 = -4*v + 6*v + 4. What is the units digit of x?
5
Let l be (-6)/(0 + (3 - 5)). Suppose l*j = 107 + 70. What is the tens digit of j?
5
What is the hundreds digit of 0 + 0 + -72 + 2199?
1
Suppose 5*c - 472 = 2*k + 1523, -1197 = -3*c + 2*k. What is the tens digit of c?
9
Suppose 0 = -13*j + 3*j + 5810. What is the hundreds digit of j?
5
Let h(q) = -39*q - 68. What is the units digit of h(-6)?
6
What is the tens digit of 2060 + 24*(-9)/(-18)?
7
Suppose 0 = 14*d - 25 - 3. What is the tens digit of (-534)/(-6) - (4 - d)?
8
Let y(g) = -g**2 - 5*g + 7. Let j be y(-6). What is the tens digit of (-212)/(-2) - (2 - j)?
0
Let n(g) be the third derivative of g**5/60 + 11*g**4/12 + 43*g**3/6 + 31*g**2. What is the tens digit of n(-21)?
2
Suppose 0 = 9219*c - 9208*c - 36674. What is the hundreds digit of c?
3
Let r(u) be the first derivative of -u**2 + 11*u + 1. Let t be r(4). What is the tens digit of t/((-6)/1)*-20?
1
What is the tens digit of 157344/495 + (-2)/(-15)?
1
Suppose -m + 2*m = -0*m. Suppose m*i + 2*n - 202 = -4*i, 64 = i - 4*n. What is the units digit of i?
2
Let a = 6005 + -4178. What is the units digit of a?
7
Let d(j) = j**3 + 3*j**2 - 8*j - 8. Let w be d(-6). Let n = w + 112. What is the tens digit of n?
4
Let h be -1*(-6 + 2 - 498). Let s = h - 197. What is the hundreds digit of s?
3
Let g(u) = -u**3 + 42*u**2 + 16*u - 16. What is the units digit of g(42)?
6
Let a(t) = t**3 + 66*t**2 + 45*t - 160. What is the units digit of a(-64)?
2
Let g be 8/(-12) + (-20)/6. Let j(n) = -2*n + 3. Let c(u) = -3*u + 7. Let r(v) = g*c(v) + 9*j(v). What is the units digit of r(-4)?
3
Let y(m) = 2*m**3 + 5*m**2 - 9*m + 22. What is the thousands digit of y(8)?
1
Let p = 168 - -363. What is the units digit of p?
1
Let q = 64 + -64. Suppose q = 8*a - 941 + 149. What is the units digit of a?
9
Let m(o) = 5*o**3 + 10*o**2 - 13 + 0 - 4*o**3 + o. What is the units digit of m(-6)?
5
What is the tens digit of 4*427 + (84 - 79)?
1
Let j(f) = 11*f + 28. Let p be j(-2). Suppose 183 = 4*m - n, -5*m - 11*n = -p*n - 260. What is the units digit of m?
7
What is the hundreds digit of 2/((-1)/673*(-3 + 1))?
6
Let a(t) = -19*t**3 - 3*t**2 - 5*t - 3. Let s be a(-1). Suppose s = m - 3. What is the units digit of m?
1
Suppose 0 = -5*c, 0*m + 20 = 5*m - 3*c. Let z = 91 + m. What is the tens digit of z?
9
Let c = 4 - 6. Let n be (0/(-5 - c))/2. Suppose n*g + 2*g = 3*v - 13, -12 = -2*v + 3*g. What is the units digit of v?
3
Suppose -14 = -2*y + 100. Let v be (-2)/(-19) - (-222)/y. Suppose 3*n - 39 = -v*t, 5*t = 2*n + 59 + 7. What is the tens digit of t?
1
What is the tens digit of (1*-4)/16 + 4554/8?
6
Suppose c + 12 = 4*k, 5*k = -3*c + 12 + 20. Suppose c*u - 192 = -0*u. What is the tens digit of u?
4
Let l(s) = -s**2 + 29*s - 12. Let y be l(19).